{"id":41,"date":"2020-05-12T19:46:57","date_gmt":"2020-05-12T17:46:57","guid":{"rendered":"http:\/\/chateau-jacquet.com\/?page_id=41"},"modified":"2025-07-30T09:22:50","modified_gmt":"2025-07-30T07:22:50","slug":"contact","status":"publish","type":"page","link":"https:\/\/chateau-jacquet.com\/index.php\/contact\/","title":{"rendered":""},"content":{"rendered":"\n<h1 class=\"has-text-align-center has-text-color has-large-font-size\" style=\"color:#9e7866\">RENCONTRER<\/h1>\n\n\n\n<p class=\"has-text-align-center\">185 route de Bourg &#8211; 33240  Saint Andr\u00e9 de Cubzac<\/p>\n\n\n\n<p class=\"has-text-align-center\">Tel : 05 57 43 20 71 &#8211; Email : contact@chateau-jacquet.com<\/p>\n\n\n\n<p class=\"has-text-align-center has-text-color\" style=\"color:#9e7866\"><strong>Horaires d&rsquo;ouverture :<\/strong><\/p>\n\n\n\n<p class=\"has-text-align-center\">Visite et d\u00e9gustation : du lundi au vendredi de 10h \u00e0 12h- 17h \u00e0 20h.<\/p>\n\n\n\n<p class=\"has-text-align-center\">Le week-end sur rendez-vous.<\/p>\n\n\n\n<p class=\"has-text-align-center\">Les visites et les d\u00e9gustations sont gratuites.<\/p>\n\n\n<div class=\"wp-block-image\">\n<figure class=\"aligncenter size-full\"><img loading=\"lazy\" width=\"150\" height=\"150\" src=\"http:\/\/chateau-jacquet.com\/wp-content\/uploads\/2022\/10\/logo.png\" alt=\"\" class=\"wp-image-213\" srcset=\"https:\/\/chateau-jacquet.com\/wp-content\/uploads\/2022\/10\/logo.png 150w, https:\/\/chateau-jacquet.com\/wp-content\/uploads\/2022\/10\/logo-100x100.png 100w\" sizes=\"(max-width: 150px) 100vw, 150px\" \/><\/figure><\/div>\n\n\n<p class=\"has-text-align-center has-small-font-size\">L&rsquo;abus d&rsquo;alcool est dangereux pour la sant\u00e9, \u00e0 consommer avec mod\u00e9ration.<\/p>\n","protected":false},"excerpt":{"rendered":"<p>RENCONTRER 185 route de Bourg &#8211; 33240 Saint Andr\u00e9 de Cubzac Tel : 05 57 43 20 71 &#8211; Email : contact@chateau-jacquet.com Horaires d&rsquo;ouverture : Visite et d\u00e9gustation : du lundi au vendredi de 10h \u00e0 12h- 17h \u00e0 20h. Le week-end sur rendez-vous. Les visites et les d\u00e9gustations sont gratuites. L&rsquo;abus d&rsquo;alcool est dangereux &hellip; <\/p>\n<p class=\"link-more\"><a href=\"https:\/\/chateau-jacquet.com\/index.php\/contact\/\" class=\"more-link\">Continuer la lecture<span class=\"screen-reader-text\"> de &laquo;&nbsp;&nbsp;&raquo;<\/span><\/a><\/p>\n","protected":false},"author":1,"featured_media":300,"parent":0,"menu_order":0,"comment_status":"closed","ping_status":"closed","template":"","meta":[],"_links":{"self":[{"href":"https:\/\/chateau-jacquet.com\/index.php\/wp-json\/wp\/v2\/pages\/41"}],"collection":[{"href":"https:\/\/chateau-jacquet.com\/index.php\/wp-json\/wp\/v2\/pages"}],"about":[{"href":"https:\/\/chateau-jacquet.com\/index.php\/wp-json\/wp\/v2\/types\/page"}],"author":[{"embeddable":true,"href":"https:\/\/chateau-jacquet.com\/index.php\/wp-json\/wp\/v2\/users\/1"}],"replies":[{"embeddable":true,"href":"https:\/\/chateau-jacquet.com\/index.php\/wp-json\/wp\/v2\/comments?post=41"}],"version-history":[{"count":17,"href":"https:\/\/chateau-jacquet.com\/index.php\/wp-json\/wp\/v2\/pages\/41\/revisions"}],"predecessor-version":[{"id":376,"href":"https:\/\/chateau-jacquet.com\/index.php\/wp-json\/wp\/v2\/pages\/41\/revisions\/376"}],"wp:featuredmedia":[{"embeddable":true,"href":"https:\/\/chateau-jacquet.com\/index.php\/wp-json\/wp\/v2\/media\/300"}],"wp:attachment":[{"href":"https:\/\/chateau-jacquet.com\/index.php\/wp-json\/wp\/v2\/media?parent=41"}],"curies":[{"name":"wp","href":"https:\/\/api.w.org\/{rel}","templated":true}]}}